{"id":2051,"date":"2021-12-16T19:19:00","date_gmt":"2021-12-16T18:19:00","guid":{"rendered":"https:\/\/www.etaplestriathlon.com\/?page_id=2051"},"modified":"2021-12-16T19:19:01","modified_gmt":"2021-12-16T18:19:01","slug":"reglement","status":"publish","type":"page","link":"https:\/\/www.etaplestriathlon.com\/?page_id=2051","title":{"rendered":"R\u00e8glement"},"content":{"rendered":"\n<p><strong><u>R\u00c8GLEMENT<\/u><\/strong><\/p>\n<p>\u00a0<\/p>\n<p>Le Cross du Bois du\u00a0 Bosquet, course individuelle, est organis\u00e9e par l\u2019AS ETAPLES TRIATHLON, ayant pour but \u00ab\u00a0la pratique du duathlon, triathlon \u2026\u00a0\u00bb<\/p>\n<p>Accueil et remise des dossards de 8h \u00e0 9h au complexe sportif Jean Bigot \u00e0 Etaples sur Mer.<\/p>\n<p>Ravitaillement final pour tous les participants.<\/p>\n<p>\u00a0<\/p>\n<p><strong><u>Article 1<\/u><\/strong>\u00a0: Chaque participant doit se conformer strictement aux prescriptions du code de la route et aux consignes de l\u2019organisation.<\/p>\n<p><strong><u>Article 2<\/u><\/strong>\u00a0: Les sportifs de moins de 18 ans ne peuvent participer \u00e0 la course que sous la responsabilit\u00e9 d&rsquo;une personne majeure pr\u00e9sente (double signature sur la fiche d&rsquo;inscription)<\/p>\n<p><strong><u>Article 3<\/u><\/strong>\u00a0: Chaque participant(e) devra fournir obligatoirement \u00e0 l&rsquo;inscription une photocopie de sa licence FFA, FFTRI, FSGT Athl\u00e9tisme, UFOLEP Athl\u00e9tisme, en cours de validit\u00e9 ou la photocopie d\u2019un certificat m\u00e9dical de non contre-indication \u00e0 la pratique de la course \u00e0 pied ou de l\u2019athl\u00e9tisme en comp\u00e9tition. Par son inscription \u00e0 la manifestation, il atteste \u00eatre en possession de celui-ci.<\/p>\n<p><strong><u>Article 4<\/u><\/strong>\u00a0: Les organisateurs se r\u00e9servent le droit de refuser l&rsquo;inscription \u00e0 un participant s&rsquo;ils estiment que son niveau de pratique ne lui permet pas de participer dans des conditions de s\u00e9curit\u00e9s suffisantes.<\/p>\n<p><strong><u>Article 5<\/u><\/strong>\u00a0:L&rsquo;organisation d\u00e9cline \u00e9galement toute responsabilit\u00e9 en cas de perte ou de vol de mat\u00e9riel.<\/p>\n<p><strong><u>Article 6<\/u><\/strong>\u00a0: L\u2019organisation se r\u00e9serve le droit d&rsquo;annuler l\u2019\u00e9preuve en cas de conditions m\u00e9t\u00e9orologiques extr\u00eames, ceci dans un souci de s\u00e9curit\u00e9.<\/p>\n<p><strong><u>Article 7<\/u><\/strong>\u00a0: Aucun remboursement ne sera effectu\u00e9 en cas de non-participation d\u2019un concurrent.<\/p>\n<p><strong><u>Article 8<\/u><\/strong>\u00a0: Par leur inscription, les concurrents autorisent les organisateurs ainsi que leurs ayant droits tels que, partenaires et m\u00e9dias, \u00e0 utiliser les images fixes ou audiovisuelles sur lesquelles ils pourraient appara\u00eetre, prises \u00e0 l\u2019occasion de leur participation \u00e0 la manifestation organis\u00e9e le <strong>dimanche 19 d\u00e9cembre 2021<\/strong> sur tout support. Conform\u00e9ment \u00e0 la loi informatique et des libert\u00e9s du 06 janvier 1978, les concurrents disposent\u00a0 d\u2019un droit d&rsquo;acc\u00e8s et de rectifications aux donn\u00e9es personnelles les concernant.<\/p>\n<p><strong><u>Article 9<\/u><\/strong>\u00a0: Les comp\u00e9titeurs doivent <strong>OBLIGATOIREMENT<\/strong> respecter la nature et doivent jeter leurs d\u00e9chets quels qu\u2019ils soient dans des poubelles. Tout abandon de gobelets, bouteilles, d\u00e9chets et emballages divers est interdit et sanctionnable (avertissement ou stop &amp; go de 30 secondes, applicable pour toute faute pouvant \u00eatre corrig\u00e9e. Dans le cas contraire une proc\u00e9dure disqualifiante sera appliqu\u00e9e.)<\/p>\n<p><strong><u>Article 10<\/u><\/strong>\u00a0: Les comp\u00e9titeurs doivent <strong>OBLIGATOIREMENT<\/strong> se conformer aux r\u00e8gles et \u00eatre respectueux des autres athl\u00e8tes, des volontaires, des spectateurs et des organisateurs, avant, apr\u00e8s et tout au long de la course. (Disqualification imm\u00e9diate).<\/p>\n<p><strong><u>Article 11<\/u><\/strong>\u00a0: L\u2019organisateur est assur\u00e9 en responsabilit\u00e9 civile pour cette course par le cabinet GOMIS GARRIGUES du Groupe Allianz. Nous attirons votre attention sur l\u2019int\u00e9r\u00eat d&rsquo;une couverture individuelle accident et vous invitons \u00e0 v\u00e9rifier aupr\u00e8s de votre assureur personnel ou de l&rsquo;assureur de votre F\u00e9d\u00e9ration si les garanties peuvent intervenir dans le cadre de la participation \u00e0 cette manifestation.<\/p>\n<p><strong><u>Article 12<\/u><\/strong>\u00a0: L\u2019organisateur fournira les dossards<\/p>\n<p><strong><u>Article 13<\/u><\/strong>\u00a0: Un ravitaillement sera propos\u00e9 \u00e0 l\u2019arriv\u00e9e des concurrents \u00e0 la salle du tir \u00e0 l\u2019arc au complexe Jean Bigot.<\/p>\n<p><strong><u>Article 14<\/u><\/strong>\u00a0: Seront r\u00e9compens\u00e9s(es) les 3 premiers et les 3 premi\u00e8res au scratch, les premiers et premi\u00e8res de chaque cat\u00e9gorie sans cumul. Pas de primes.<\/p>\n<p><strong><u>Article 15<\/u><\/strong>\u00a0: Les inscriptions le jour de la course sont possibles dans la limite des places disponibles. Elles seront alors major\u00e9es.<\/p>\n<p><strong><u>Article 16<\/u><\/strong>\u00a0: Cat\u00e9gories d\u2019\u00e2ge p\u00e9riode saison 2021\/2022 du 1<sup>er <\/sup>Novembre 2021 au 31 octobre 2022\u00a0:<\/p>\n<p>\u00a0<\/p>\n<p><strong>Les Cat\u00e9gories d&rsquo;\u00e2ge 2022<br \/><\/strong>(valable jusqu&rsquo;au 31\u00a0octobre 2022, ces cat\u00e9gories changeront le 1er\u00a0novembre 2022)<\/p>\n<table width=\"380\">\n<tbody>\n<tr>\n<td>\n<p>CATEGORIE<\/p>\n<\/td>\n<td>\n<p>CODE<\/p>\n<\/td>\n<td>\n<p>ANNEE DE NAISSANCE<\/p>\n<\/td>\n<\/tr>\n<tr>\n<td>\n<p>Masters<\/p>\n<\/td>\n<td>\n<p>VE<\/p>\n<\/td>\n<td>\n<p>1987 et avant<\/p>\n<\/td>\n<\/tr>\n<tr>\n<td>\n<p>Seniors<\/p>\n<\/td>\n<td>\n<p>SE<\/p>\n<\/td>\n<td>\n<p>1988 \u00e0 1999<\/p>\n<\/td>\n<\/tr>\n<tr>\n<td>\n<p>Espoirs<\/p>\n<\/td>\n<td>\n<p>ES<\/p>\n<\/td>\n<td>\n<p>2000 \u00e0 2002<\/p>\n<\/td>\n<\/tr>\n<tr>\n<td>\n<p>Juniors<\/p>\n<\/td>\n<td>\n<p>JU<\/p>\n<\/td>\n<td>\n<p>2003 et 2004<\/p>\n<\/td>\n<\/tr>\n<tr>\n<td>\n<p>Cadets<\/p>\n<\/td>\n<td>\n<p>CA<\/p>\n<\/td>\n<td>\n<p>2005 et 2006<\/p>\n<\/td>\n<\/tr>\n<tr>\n<td>\n<p>Minimes<\/p>\n<\/td>\n<td>\n<p>MI<\/p>\n<\/td>\n<td>\n<p>2007 et 2008<\/p>\n<\/td>\n<\/tr>\n<tr>\n<td>\n<p>Benjamins<\/p>\n<\/td>\n<td>\n<p>BE<\/p>\n<\/td>\n<td>\n<p>2009 et 2010<\/p>\n<\/td>\n<\/tr>\n<tr>\n<td>\n<p>Poussins<\/p>\n<\/td>\n<td>\n<p>PO<\/p>\n<\/td>\n<td>\n<p>2011 et 2012<\/p>\n<\/td>\n<\/tr>\n<tr>\n<td>\n<p>\u00c9cole d&rsquo;Athl\u00e9tisme<\/p>\n<\/td>\n<td>\n<p>EA<\/p>\n<\/td>\n<td>\n<p>2013 \u00e0 2015<\/p>\n<\/td>\n<\/tr>\n<tr>\n<td>\n<p>Baby Athl\u00e9<\/p>\n<\/td>\n<td>\n<p>BB<\/p>\n<\/td>\n<td>\n<p>2016 et apr\u00e8s<\/p>\n<\/td>\n<\/tr>\n<\/tbody>\n<\/table>\n<p><strong>D\u00e9tails des cat\u00e9gories Masters<\/strong><\/p>\n<table width=\"380\">\n<tbody>\n<tr>\n<td>\n<p>CATEGORIE<\/p>\n<\/td>\n<td>\n<p>CODE<\/p>\n<\/td>\n<td>\n<p>ANNEE DE NAISSANCE<\/p>\n<\/td>\n<\/tr>\n<tr>\n<td>\n<p>Masters\u00a0H et F<\/p>\n<\/td>\n<td>\n<p>M0<\/p>\n<\/td>\n<td>\n<p>1987 &#8211; 1983<\/p>\n<\/td>\n<\/tr>\n<tr>\n<td>\n<p>\u00a0<\/p>\n<\/td>\n<td>\n<p>M1<\/p>\n<\/td>\n<td>\n<p>1982 &#8211; 1978<\/p>\n<\/td>\n<\/tr>\n<tr>\n<td>\n<p>\u00a0<\/p>\n<\/td>\n<td>\n<p>M2<\/p>\n<\/td>\n<td>\n<p>1977 &#8211; 1973<\/p>\n<\/td>\n<\/tr>\n<tr>\n<td>\n<p>\u00a0<\/p>\n<\/td>\n<td>\n<p>M3<\/p>\n<\/td>\n<td>\n<p>1972 &#8211; 1968<\/p>\n<\/td>\n<\/tr>\n<tr>\n<td>\n<p>\u00a0<\/p>\n<\/td>\n<td>\n<p>M4<\/p>\n<\/td>\n<td>\n<p>1967 &#8211; 1963<\/p>\n<\/td>\n<\/tr>\n<tr>\n<td>\n<p>\u00a0<\/p>\n<\/td>\n<td>\n<p>M5<\/p>\n<\/td>\n<td>\n<p>1962 &#8211; 1958<\/p>\n<\/td>\n<\/tr>\n<tr>\n<td>\n<p>\u00a0<\/p>\n<\/td>\n<td>\n<p>M6<\/p>\n<\/td>\n<td>\n<p>1957 &#8211; 1953<\/p>\n<\/td>\n<\/tr>\n<tr>\n<td>\n<p>\u00a0<\/p>\n<\/td>\n<td>\n<p>M7<\/p>\n<\/td>\n<td>\n<p>1952 &#8211; 1948<\/p>\n<\/td>\n<\/tr>\n<tr>\n<td>\n<p>\u00a0<\/p>\n<\/td>\n<td>\n<p>M8<\/p>\n<\/td>\n<td>\n<p>1947 &#8211; 1943<\/p>\n<\/td>\n<\/tr>\n<tr>\n<td>\n<p>\u00a0<\/p>\n<\/td>\n<td>\n<p>M9<\/p>\n<\/td>\n<td>\n<p>1942 &#8211; 1938<\/p>\n<\/td>\n<\/tr>\n<tr>\n<td>\n<p>\u00a0<\/p>\n<\/td>\n<td>\n<p>M10<\/p>\n<\/td>\n<td>\n<p>1937 et avant<\/p>\n<\/td>\n<\/tr>\n<\/tbody>\n<\/table>\n<p>\u00a0<\/p>\n<p>\u00a0<\/p>\n<p>\u00a0<\/p>\n<p>Organisateur\u00a0: AS ETAPLES TRIATHLON-M.COMMON Julien<\/p>\n<p>\u00a0\u00a0\u00a0\u00a0\u00a0\u00a0\u00a0\u00a0\u00a0\u00a0\u00a0\u00a0\u00a0\u00a0\u00a0\u00a0\u00a0\u00a0\u00a0\u00a0\u00a0\u00a0\u00a0 340 grande rue &#8211; 62170 SORRUS<\/p>\n","protected":false},"excerpt":{"rendered":"<p>R\u00c8GLEMENT \u00a0 Le Cross du Bois du\u00a0 Bosquet, course individuelle, est organis\u00e9e par l\u2019AS ETAPLES TRIATHLON, ayant pour but \u00ab\u00a0la pratique du duathlon, triathlon \u2026\u00a0\u00bb Accueil et remise des dossards de 8h \u00e0 9h au complexe sportif Jean Bigot \u00e0 Etaples sur Mer. Ravitaillement final pour tous les participants. \u00a0 Article 1\u00a0: Chaque participant doit [&hellip;]<\/p>\n","protected":false},"author":1,"featured_media":0,"parent":0,"menu_order":0,"comment_status":"closed","ping_status":"closed","template":"","meta":{"jetpack_post_was_ever_published":false,"footnotes":""},"class_list":["post-2051","page","type-page","status-publish","hentry"],"jetpack_sharing_enabled":true,"jetpack_shortlink":"https:\/\/wp.me\/PaJ7x8-x5","jetpack-related-posts":[],"_links":{"self":[{"href":"https:\/\/www.etaplestriathlon.com\/index.php?rest_route=\/wp\/v2\/pages\/2051"}],"collection":[{"href":"https:\/\/www.etaplestriathlon.com\/index.php?rest_route=\/wp\/v2\/pages"}],"about":[{"href":"https:\/\/www.etaplestriathlon.com\/index.php?rest_route=\/wp\/v2\/types\/page"}],"author":[{"embeddable":true,"href":"https:\/\/www.etaplestriathlon.com\/index.php?rest_route=\/wp\/v2\/users\/1"}],"replies":[{"embeddable":true,"href":"https:\/\/www.etaplestriathlon.com\/index.php?rest_route=%2Fwp%2Fv2%2Fcomments&post=2051"}],"version-history":[{"count":1,"href":"https:\/\/www.etaplestriathlon.com\/index.php?rest_route=\/wp\/v2\/pages\/2051\/revisions"}],"predecessor-version":[{"id":2052,"href":"https:\/\/www.etaplestriathlon.com\/index.php?rest_route=\/wp\/v2\/pages\/2051\/revisions\/2052"}],"wp:attachment":[{"href":"https:\/\/www.etaplestriathlon.com\/index.php?rest_route=%2Fwp%2Fv2%2Fmedia&parent=2051"}],"curies":[{"name":"wp","href":"https:\/\/api.w.org\/{rel}","templated":true}]}}