{"id":812,"date":"2016-11-11T06:44:31","date_gmt":"2016-11-11T05:44:31","guid":{"rendered":"http:\/\/www.etaplestriathlon.com\/?page_id=812"},"modified":"2018-01-31T08:55:13","modified_gmt":"2018-01-31T07:55:13","slug":"devenir-benevoles","status":"publish","type":"page","link":"https:\/\/www.etaplestriathlon.com\/?page_id=812","title":{"rendered":"Devenir B\u00e9n\u00e9voles"},"content":{"rendered":"<h2><span style=\"font-family: 'arial black', sans-serif; font-size: 10pt;\"><img data-recalc-dims=\"1\" fetchpriority=\"high\" decoding=\"async\" data-attachment-id=\"899\" data-permalink=\"https:\/\/www.etaplestriathlon.com\/?attachment_id=899\" data-orig-file=\"https:\/\/i0.wp.com\/www.etaplestriathlon.com\/wp-content\/uploads\/2016\/11\/triathlon-organisation.jpg?fit=900%2C600&amp;ssl=1\" data-orig-size=\"900,600\" data-comments-opened=\"0\" data-image-meta=\"{&quot;aperture&quot;:&quot;0&quot;,&quot;credit&quot;:&quot;&quot;,&quot;camera&quot;:&quot;&quot;,&quot;caption&quot;:&quot;&quot;,&quot;created_timestamp&quot;:&quot;0&quot;,&quot;copyright&quot;:&quot;&quot;,&quot;focal_length&quot;:&quot;0&quot;,&quot;iso&quot;:&quot;0&quot;,&quot;shutter_speed&quot;:&quot;0&quot;,&quot;title&quot;:&quot;&quot;,&quot;orientation&quot;:&quot;1&quot;}\" data-image-title=\"triathlon-organisation\" data-image-description=\"\" data-image-caption=\"\" data-medium-file=\"https:\/\/i0.wp.com\/www.etaplestriathlon.com\/wp-content\/uploads\/2016\/11\/triathlon-organisation.jpg?fit=300%2C200&amp;ssl=1\" data-large-file=\"https:\/\/i0.wp.com\/www.etaplestriathlon.com\/wp-content\/uploads\/2016\/11\/triathlon-organisation.jpg?fit=900%2C600&amp;ssl=1\" class=\"alignleft wp-image-899 \" src=\"https:\/\/i0.wp.com\/www.etaplestriathlon.com\/wp-content\/uploads\/2016\/11\/triathlon-organisation-768x512.jpg?resize=429%2C286\" alt=\"triathlon-organisation\" width=\"429\" height=\"286\" srcset=\"https:\/\/i0.wp.com\/www.etaplestriathlon.com\/wp-content\/uploads\/2016\/11\/triathlon-organisation.jpg?resize=768%2C512&amp;ssl=1 768w, https:\/\/i0.wp.com\/www.etaplestriathlon.com\/wp-content\/uploads\/2016\/11\/triathlon-organisation.jpg?resize=300%2C200&amp;ssl=1 300w, https:\/\/i0.wp.com\/www.etaplestriathlon.com\/wp-content\/uploads\/2016\/11\/triathlon-organisation.jpg?resize=210%2C140&amp;ssl=1 210w, https:\/\/i0.wp.com\/www.etaplestriathlon.com\/wp-content\/uploads\/2016\/11\/triathlon-organisation.jpg?w=900&amp;ssl=1 900w\" sizes=\"(max-width: 429px) 100vw, 429px\" \/>L&rsquo;organisation d&rsquo;une course comme le Triathlon d&rsquo; Etaples Sur Mer n\u00e9cessite <strong>un investissement b\u00e9n\u00e9vole important<\/strong>. Cet investissement est essentiel pour que le triathlon se d\u00e9roule dans les meilleures conditions possible. <strong>La qualit\u00e9 de l&rsquo;accueil, la s\u00e9curit\u00e9 et la disponibilit\u00e9<\/strong> seront autant d&rsquo;atouts indispensables au succ\u00e8s de cette 30\u00e8me \u00e9dition.<\/span><\/h2>\n<div class=\"page_rubrique_description\">\n<p><span style=\"color: #ffffff; font-family: 'arial black', sans-serif; font-size: 10pt;\">Pour devenir b\u00e9n\u00e9vole, rien de plus simple, il vous suffit de contacter Mr Julien COMMON, Pr\u00e9sident de l&rsquo;AS Etaples Triathlon et de t\u00e9l\u00e9charger la fiche de renseignements \u00ab\u00a0Signaleur\u00a0\u00bb et\/ou le fiche de renseignements \u00ab\u00a0B\u00e9n\u00e9voles\u00a0\u00bb ci-dessous.<\/span><\/p>\n<p>Fiches \u00ab\u00a0Signaleurs\u00a0\u00bb et \u00ab\u00a0B\u00e9n\u00e9voles\u00a0\u00bb prochainement en ligne<\/p>\n<p><span style=\"color: #ff0000;\"><span style=\"color: #ffffff; font-family: 'arial black', sans-serif;\"><span style=\"color: #ff0000;\">par mail:<\/span> contact@etaplestriathlon.com<\/span><\/span><\/p>\n<h4><\/h4>\n<p><span style=\"color: #ff0000; font-size: 10pt; font-family: 'arial black', sans-serif;\"><span style=\"font-size: 12pt;\">Attention, si vous d\u00e9sirez \u00eatre signaleur b\u00e9n\u00e9vole le jour de l&rsquo;\u00e9preuve, le permis de conduire en cours de validit\u00e9 est obligatoire !<\/span>\u00a0<span style=\"font-size: 12pt;\">Bien s\u00fbr si vous n&rsquo;avez pas le permis, il est \u00e9galement possible d&rsquo;aider \u00e0 l&rsquo;organisation !<\/span><\/span><\/p>\n<\/div>\n<p>&nbsp;<\/p>\n","protected":false},"excerpt":{"rendered":"<p>L&rsquo;organisation d&rsquo;une course comme le Triathlon d&rsquo; Etaples Sur Mer n\u00e9cessite un investissement b\u00e9n\u00e9vole important. Cet investissement est essentiel pour que le triathlon se d\u00e9roule dans les meilleures conditions possible. La qualit\u00e9 de l&rsquo;accueil, la s\u00e9curit\u00e9 et la disponibilit\u00e9 seront autant d&rsquo;atouts indispensables au succ\u00e8s de cette 30\u00e8me \u00e9dition. Pour devenir b\u00e9n\u00e9vole, rien de plus [&hellip;]<\/p>\n","protected":false},"author":1,"featured_media":0,"parent":0,"menu_order":0,"comment_status":"closed","ping_status":"closed","template":"","meta":{"jetpack_post_was_ever_published":false,"footnotes":""},"class_list":["post-812","page","type-page","status-publish","hentry"],"jetpack_sharing_enabled":true,"jetpack_shortlink":"https:\/\/wp.me\/PaJ7x8-d6","jetpack-related-posts":[],"_links":{"self":[{"href":"https:\/\/www.etaplestriathlon.com\/index.php?rest_route=\/wp\/v2\/pages\/812"}],"collection":[{"href":"https:\/\/www.etaplestriathlon.com\/index.php?rest_route=\/wp\/v2\/pages"}],"about":[{"href":"https:\/\/www.etaplestriathlon.com\/index.php?rest_route=\/wp\/v2\/types\/page"}],"author":[{"embeddable":true,"href":"https:\/\/www.etaplestriathlon.com\/index.php?rest_route=\/wp\/v2\/users\/1"}],"replies":[{"embeddable":true,"href":"https:\/\/www.etaplestriathlon.com\/index.php?rest_route=%2Fwp%2Fv2%2Fcomments&post=812"}],"version-history":[{"count":14,"href":"https:\/\/www.etaplestriathlon.com\/index.php?rest_route=\/wp\/v2\/pages\/812\/revisions"}],"predecessor-version":[{"id":1648,"href":"https:\/\/www.etaplestriathlon.com\/index.php?rest_route=\/wp\/v2\/pages\/812\/revisions\/1648"}],"wp:attachment":[{"href":"https:\/\/www.etaplestriathlon.com\/index.php?rest_route=%2Fwp%2Fv2%2Fmedia&parent=812"}],"curies":[{"name":"wp","href":"https:\/\/api.w.org\/{rel}","templated":true}]}}